(j) be the first derivative of j**4/2 + 4*j**3/3 + j**2/2 - 2*j + 1. What is i(h)?
-4
Let z be (-50)/20*(-16)/10. Let l be z/(-2) + (1 - -2). Let m(d) be the second derivative of -d**4/6 + d**3/6 - d. Give m(l).
-1
Let r(s) be the first derivative of 2*s**2 + s + 1. Suppose 0 = 18*v + 9*v + 14*v + 41. Give r(v).
-3
Let v(c) be the first derivative of -c + 2*c**2 - 1 + 3*c + 8 - c**2. Calculate v(-4).
-6
Let n(o) = o**3 - 8*o**2 - 10*o + 6. Let v = -15 + 18. Suppose -2*p = -3*d - 7*p + 22, 2*p - 25 = -v*d. Calculate n(d).
-3
Let w(x) = -37*x + 10. Let i(q) = 45*q - 11. Let u(f) = 5*i(f) + 6*w(f). Suppose -n + 2*a + 11 = -2*n, n + 5*a = -23. What is u(n)?
-4
Let q(l) be the first derivative of l**3/3 + 7*l**2/2 - l - 34. Let c(y) = -y - y**2 - 12 + 12 + 6*y**3. Let d be c(-1). What is q(d)?
-7
Let a be (6 - 13)*-39*(-2)/(-7). Let g(v) = -83*v + 162*v - a*v. Determine g(-4).
-4
Let h(i) be the third derivative of i**4/24 + i**3/2 - 51*i**2. Determine h(-6).
-3
Let f be 3/((-9)/3) - -8. Let c(g) = g + g - g - 3 + f. Calculate c(-3).
1
Let k(o) be the third derivative of -o**4/8 + o**3 + 3*o**2. Let f be 36/(-30)*(5 + -10)*1. Determine k(f).
-12
Let x(w) = 0 + w**3 - 4*w - 55*w**2 + 107*w**2 - 2 - 56*w**2. What is x(5)?
3
Let s(t) = -t**3 - 3*t**2 + 4*t - 2. Let b(l) = -l**2 + 19*l - 5. Let n be b(17). Suppose d + n = 25. Give s(d).
-2
Let o be (-27)/(-108) + 47/4. Let h(c) = -c + 12. Give h(o).
0
Let n = -11 - -13. Let w(v) = 7*v + 2 + v**n + 2*v - 14 - 2*v**2. What is w(8)?
-4
Let c(u) = u**2 - 4*u - 4. Let b(z) = -z**2 + 11*z. Let o be b(7). Suppose 0*l - o = -4*l. Let a be 88/14 + (-2)/l. Give c(a).
8
Suppose m - 7 + 6 = 0. Let s(k) be the second derivative of -k**4/12 + k**3/6 - 3*k. Let j(g) = 4*g**2 - 8*g + 2. Let n(t) = m*j(t) + 6*s(t). Calculate n(-2).
-2
Let s be 7/(-7) + 3*2/(-3). Let q(n) = -2*n**3 - 3*n. Give q(s).
63
Let s(f) be the second derivative of -f**6/240 + 3*f**5/40 - 13*f**4/12 + 30*f. Let j(i) be the third derivative of s(i). Determine j(7).
-12
Let i(m) = -191 + 90 - m**2 + 12*m + 90. Give i(10).
9
Let n(a) be the third derivative of a**5/60 - a**4/12 - a**3/2 + a**2. Let u(b) = -2*b**2 + 14*b - 17. Let t be u(2). Determine n(t).
0
Let m(r) = -r**2 + 17*r + 20. Suppose -2*z + 16 = -3*v - 20, z + 3*v - 18 = 0. Let a be m(z). Let i(b) = 12*b - 2. Determine i(a).
22
Let n(m) = -8*m - 20. Let s(p) = 9*p + 23. Let f(l) = 7*n(l) + 6*s(l). What is f(-3)?
4
Let f(s) = 4*s + 6. Let l = -168 + 164. What is f(l)?
-10
Let f(n) be the third derivative of -n**5/60 + 13*n**4/24 - n**3/6 - n**2 - 14. Give f(12).
11
Let g(i) = -724*i + 1446*i - 723*i + 9. Give g(0).
9
Let u(h) = h + 12. Let a(w) = -w - 2. Let j(v) = 4*a(v) + u(v). Determine j(10).
-26
Let c(n) = -n**2 - n. Let t(l) = 6*l**2 + 10*l - 15. Let s(q) = -5*c(q) - t(q). Calculate s(-8).
-9
Suppose -3*c + 1 = -2*c. Let q(r) = 25*r + 14*r + 20*r - 68*r. What is q(c)?
-9
Let d(s) = s**2 + 9*s - 3. Let c(q) = -2*q**2 - 17*q + 7. Suppose -19 - 86 = 21*a. Let b(k) = a*d(k) - 2*c(k). Determine b(-11).
1
Let d(m) = -2*m - 4. Let p(u) = u + 2. Let a(f) = -3*d(f) - 5*p(f). Suppose 0 = 814*c - 819*c + 35. What is a(c)?
9
Let m = -4 - -7. Let d(y) = 6*y - 4*y**2 + m + 0*y**2 - 1 + 3*y**2. Let w be (20/(-6))/(6 - (-40)/(-6)). Calculate d(w).
7
Let p(g) = g**2 + 5*g + 1. Let u(c) = -2*c**2 - 11*c - 3. Let x(h) = -11*p(h) - 6*u(h). Give x(-8).
-17
Suppose -2*l = 4*l - 12. Let h(g) = g**l - 2*g**2 - 6 + 2*g - g**2 + g**2. Let q(y) = -y. Let z(p) = h(p) - 5*q(p). Give z(4).
6
Suppose -1 = d - 5. Suppose d*l + 6 = 14. Let w(o) = -3*o. Give w(l).
-6
Let l(o) = -o**2 + 2*o - 1. Let g be l(2). Let z(h) = -8*h + 14. Let b be z(-10). Let f(j) = b - 3*j - 94 + 5*j. Calculate f(g).
-2
Suppose 5*r - r + 16 = 0. Let b be (14/r - -3)*2. Let c(o) = -12*o**2 + o - 2. Let g(i) = -35*i**2 + 3*i - 5. Let f(k) = -8*c(k) + 3*g(k). Calculate f(b).
-9
Let y(o) = -4*o**2 + 6*o - 1. Let m(g) = -g**2 + g. Let c(d) = -3*m(d) + y(d). Let j be (2 + -5)/(-1*(-9)/(-12)). Determine c(j).
-5
Let c(a) = -a**2 + 6*a - 7. Let x(b) = -b**3 + 6*b**2 + 10*b - 16. Let o(v) = 2*v**2 - 4*v + 7. Let y be o(2). Let l be x(y). What is c(l)?
-2
Let f(i) be the third derivative of 1/60*i**5 + 0 + 1/8*i**4 + 4*i**2 + 0*i + 5/6*i**3. Give f(-4).
9
Let n(h) be the third derivative of h**5/60 - 5*h**4/24 - 5*h**3/3 - h**2 - 26. Let u be (0 + (-3 - 4))*-1. What is n(u)?
4
Let c(o) = 0*o - o**2 - 1 - 8*o - 4. Let y(z) = z**2 - 8*z + 9. Let d(w) = 4*w - 3. Let r be d(2). Let b be y(r). Determine c(b).
7
Let i(r) = -2 - 1 - r**3 + 3*r**2 + 1. Let m(a) = a**3 - 8*a**2 + 8*a - 4. Let t(y) = -y**3 - 11*y**2 - 12*y - 13. Let z be t(-10). Let o be m(z). What is i(o)?
-2
Suppose 816 = 13*z + 4*z. Suppose -14*c = -36 - z. Let w(p) = p**3 - 6*p**2 - 7. Give w(c).
-7
Let z(i) = i**2 - 3*i - 6. Let f be 132/(-110) - 144/(-20). Calculate z(f).
12
Let l(s) = -3*s - 3. Let o = 10 - 0. Let i(c) = -3 - 3 + o*c + 22 + 6*c. Let a(g) = 2*i(g) + 11*l(g). What is a(4)?
-5
Let y(l) = -2*l + 15. Let g(t) = -6*t**3 + 4*t**2 + 5*t + 3. Let c be g(-1). Give y(c).
-1
Let r(x) = 15*x + 2. Let t be r(2). Suppose -4*o = -t + 8. Let z(k) = k**2 - 9*k + 3. Determine z(o).
-15
Let h(z) be the second derivative of z**3/6 - 7*z**2/2 - 13*z + 1. Let i be 8 + (5 - 2)/(-3). Determine h(i).
0
Suppose -2*z - 6 = -4*d, -4*d - 4*z + z + 11 = 0. Let q(r) = -3*r + 5*r**2 + 5*r**d + 3 - 11*r**2. Determine q(-3).
3
Let i be (-9)/(-27) - (-22)/6. Suppose -3*p + 16 = -2*a, 4*a = 3*a + i*p - 8. Let n = -10 - a. Let u(x) = -4*x. Calculate u(n).
8
Let x = -11 - -8. Let f be 4/18 + (-43)/(-9). Let j(p) = 7*p**2 + 13*p + 2. Let n(z) = 6*z**2 + 12*z + 2. Let b(s) = f*j(s) - 6*n(s). Give b(x).
10
Let n = 132 - 140. Let v(z) = 0*z**2 + 2*z - 2 - z**2 + 12 - 9*z. Give v(n).
2
Let u(l) = l - 1. Let f(p) = -p**3 + 3*p**2 + 7*p - 7. Let b(o) = -f(o) + u(o). Let n be (-3 - 1)/((-1)/(-2)). Let h be (-2)/(1*4/n). Determine b(h).
-2
Let v(q) = q. Let u = -3 - -10. Let m(l) = u - 10 + 3 + 7*l. Let s(i) = -m(i) + 6*v(i). Give s(-2).
2
Let m(n) be the third derivative of -n**7/2520 - 7*n**6/720 - n**5/24 - 13*n**4/24 - 20*n**2. Let d(j) be the second derivative of m(j). Give d(-6).
1
Let u(o) be the first derivative of -o**5/60 + o**4/4 + 22*o**3/3 - 3. Let l(i) be the third derivative of u(i). Give l(5).
-4
Let s(k) = -k + 1. Let n(h) = 3*h - 3. Let r(q) = -n(q) - 4*s(q). What is r(6)?
5
Let v(p) = -p**3 + 3*p**2 + 3*p - 1. Suppose -44*w + 47*w + 5*y = -3, -5*y - 15 = 0. Give v(w).
-5
Let z(d) be the third derivative of d**6/120 - d**5/12 - 5*d**3/6 - 2*d**2. Let c be (1/5)/((-3)/(-15)). Let v be c + 2 - (-28)/14. Determine z(v).
-5
Let m(u) = -u**3 - 5*u**2 - 5*u - 2. Suppose -2*l - 5*s - 9 = 0, 4*s = l - 9 - 6. Let c(x) = -x**2 + 6. Let h be c(l). What is m(h)?
-5
Let f(j) = -4*j + 5. Let i(u) = -30*u + 36. Let q(r) = 44*f(r) - 6*i(r). What is q(5)?
24
Let q(i) = i**3 - 7*i**2 + 2*i + 8. Let y(l) = 3*l**3 + l**2 + 3*l + 3. Let k be y(-2). Let u be ((-6)/9)/(2/87). Let j = k - u. Give q(j).
-16
Let f = 7 + -10. Let l(i) = -9*i - 33*i + 37*i. What is l(f)?
15
Let j(l) be the second derivative of -l**4/12 + l**3/6 + l**2/2 - 4*l + 1. Give j(-1).
-1
Let r(q) = -q**3 + 4*q**2 - 7*q + 6. Let d(i) = -2*i**3 + 9*i**2 - 15*i + 13. Let v = 10 + -4. Let z(k) = v*d(k) - 13*r(k). Let y = -6 + 4. Give z(y).
-2
Let t(f) = -2*f + 1. Let l(g) = -g + 2. Let o(x) = -3*l(x) - t(x). Calculate o(2).
3
Let b(s) = -s - 1. Let u(x) = -18. Let o(r) = r - 17. Let m(f) = -2*o(f) + 3*u(f). Let h(v) = -3*b(v) + m(v). Give h(0).
-17
Let a(i) be the second derivative of i**6/120 + i**5/10 - i**4/12 - 7*i**3/6 - 2*i**2 + 11*i. Let l(z) be the first derivative of a(z). What is l(-6)?
5
Let b(g) = g**3 - 6*g**2 - 8*g + 5. Let c(p) = -p - 19. Let h be c(-18). Let y be (-3)/h + (-8)/(-2). Give b(y).
-2
Let h(u) = 162*u - 160*u + 3 - 13. Calculate h(10).
10
Suppose j = 16*j + 165. Let x(l) = l**3 + 12*l**2 + 12*l - 2. What is x(j)?
-13
Suppose -7*x = 62*x + 3 - 3. Let h(j) = -j**2 + j**3 + 0*j**2 + 5 - 3*j + 4*j. Calculate h(x).
5
Let v be 6 + 4 - (2 - 0). Let u(h) = h**2 - 6*h - 7. Give u(v).
9
Let v(p) = p**3 - 1. Suppose -3*w - 81 = 60. Let k = w - -46. Determine v(k).
-2
Let t(w) = -2*w. Let y be t(-2). Suppose 0 = 3*l + 2*c - 4*c, -y*l 